{"id":108,"date":"2025-10-17T20:17:28","date_gmt":"2025-10-17T18:17:28","guid":{"rendered":"https:\/\/venik.hr\/savjetovanje\/?page_id=108"},"modified":"2025-10-20T09:01:10","modified_gmt":"2025-10-20T07:01:10","slug":"kontakt","status":"publish","type":"page","link":"https:\/\/venik.hr\/savjetovanje\/kontakt\/","title":{"rendered":"Kontakt"},"content":{"rendered":"<p>Zainteresirani ste za implementaciju ISO sustava upravljanja, zanimaju Vas edukacije ISO sustava ili jednostavno imate upit? Kontaktirajte nas putem kontakt obrasca i o\u010dekujte odgovor u najkra\u0107em mogu\u0107em vremenu!<\/p>\n","protected":false},"excerpt":{"rendered":"<p>Zainteresirani ste za implementaciju ISO sustava upravljanja, zanimaju Vas edukacije ISO sustava ili jednostavno imate upit? Kontaktirajte nas putem kontakt obrasca i o\u010dekujte odgovor u najkra\u0107em mogu\u0107em vremenu!<\/p>\n","protected":false},"author":1,"featured_media":0,"parent":0,"menu_order":0,"comment_status":"closed","ping_status":"closed","template":"template-kontakt.php","meta":{"_acf_changed":false,"footnotes":""},"class_list":["post-108","page","type-page","status-publish","hentry"],"acf":[],"_links":{"self":[{"href":"https:\/\/venik.hr\/savjetovanje\/wp-json\/wp\/v2\/pages\/108","targetHints":{"allow":["GET"]}}],"collection":[{"href":"https:\/\/venik.hr\/savjetovanje\/wp-json\/wp\/v2\/pages"}],"about":[{"href":"https:\/\/venik.hr\/savjetovanje\/wp-json\/wp\/v2\/types\/page"}],"author":[{"embeddable":true,"href":"https:\/\/venik.hr\/savjetovanje\/wp-json\/wp\/v2\/users\/1"}],"replies":[{"embeddable":true,"href":"https:\/\/venik.hr\/savjetovanje\/wp-json\/wp\/v2\/comments?post=108"}],"version-history":[{"count":5,"href":"https:\/\/venik.hr\/savjetovanje\/wp-json\/wp\/v2\/pages\/108\/revisions"}],"predecessor-version":[{"id":190,"href":"https:\/\/venik.hr\/savjetovanje\/wp-json\/wp\/v2\/pages\/108\/revisions\/190"}],"wp:attachment":[{"href":"https:\/\/venik.hr\/savjetovanje\/wp-json\/wp\/v2\/media?parent=108"}],"curies":[{"name":"wp","href":"https:\/\/api.w.org\/{rel}","templated":true}]}}